{"id":309,"date":"2017-08-29T17:33:22","date_gmt":"2017-08-29T14:33:22","guid":{"rendered":"http:\/\/izmirtenisokulu.com\/?page_id=309"},"modified":"2025-04-14T12:03:26","modified_gmt":"2025-04-14T09:03:26","slug":"tenishaber-tenisduyuru","status":"publish","type":"page","link":"https:\/\/izmirtenisokulu.com\/?page_id=309","title":{"rendered":"HABER &#038; DUYURU"},"content":{"rendered":"<p>\u0130zmir de her ya\u015f grubuna kurs kay\u0131tlar\u0131m\u0131z devam etmektedir. \u0130zmir Alaybey, Bostanl\u0131, Mavi\u015fehir, \u00d6rnekk\u00f6y, \u00c7i\u011fli, Menemen ve Kar\u015f\u0131yaka dan tenis kursu, tenis dersi almak isteyen, kapal\u0131 kortlarda e\u011fitim g\u00f6rmek isteyen herkesi bekliyoruz&#8230;<\/p>\n","protected":false},"excerpt":{"rendered":"<p>\u0130zmir de her ya\u015f grubuna kurs kay\u0131tlar\u0131m\u0131z devam etmektedir. \u0130zmir Alaybey, Bostanl\u0131, Mavi\u015fehir, \u00d6rnekk\u00f6y, \u00c7i\u011fli, Menemen ve Kar\u015f\u0131yaka dan tenis kursu, tenis dersi almak isteyen, kapal\u0131<span class=\"excerpt-hellip\"> [\u2026]<\/span><\/p>\n","protected":false},"author":1,"featured_media":0,"parent":0,"menu_order":0,"comment_status":"closed","ping_status":"closed","template":"","meta":{"footnotes":""},"class_list":["post-309","page","type-page","status-publish","hentry"],"_links":{"self":[{"href":"https:\/\/izmirtenisokulu.com\/index.php?rest_route=\/wp\/v2\/pages\/309","targetHints":{"allow":["GET"]}}],"collection":[{"href":"https:\/\/izmirtenisokulu.com\/index.php?rest_route=\/wp\/v2\/pages"}],"about":[{"href":"https:\/\/izmirtenisokulu.com\/index.php?rest_route=\/wp\/v2\/types\/page"}],"author":[{"embeddable":true,"href":"https:\/\/izmirtenisokulu.com\/index.php?rest_route=\/wp\/v2\/users\/1"}],"replies":[{"embeddable":true,"href":"https:\/\/izmirtenisokulu.com\/index.php?rest_route=%2Fwp%2Fv2%2Fcomments&post=309"}],"version-history":[{"count":2,"href":"https:\/\/izmirtenisokulu.com\/index.php?rest_route=\/wp\/v2\/pages\/309\/revisions"}],"predecessor-version":[{"id":336,"href":"https:\/\/izmirtenisokulu.com\/index.php?rest_route=\/wp\/v2\/pages\/309\/revisions\/336"}],"wp:attachment":[{"href":"https:\/\/izmirtenisokulu.com\/index.php?rest_route=%2Fwp%2Fv2%2Fmedia&parent=309"}],"curies":[{"name":"wp","href":"https:\/\/api.w.org\/{rel}","templated":true}]}}