{"id":302,"date":"2017-08-29T16:01:45","date_gmt":"2017-08-29T13:01:45","guid":{"rendered":"http:\/\/izmirtenisokulu.com\/?page_id=302"},"modified":"2017-09-16T17:58:13","modified_gmt":"2017-09-16T14:58:13","slug":"tenisin-99-etkisi","status":"publish","type":"page","link":"https:\/\/izmirtenisokulu.com\/?page_id=302","title":{"rendered":"TEN\u0130S\u0130N 99 ETK\u0130S\u0130"},"content":{"rendered":"","protected":false},"excerpt":{"rendered":"","protected":false},"author":1,"featured_media":0,"parent":0,"menu_order":0,"comment_status":"closed","ping_status":"closed","template":"","meta":{"footnotes":""},"class_list":["post-302","page","type-page","status-publish","hentry"],"_links":{"self":[{"href":"https:\/\/izmirtenisokulu.com\/index.php?rest_route=\/wp\/v2\/pages\/302","targetHints":{"allow":["GET"]}}],"collection":[{"href":"https:\/\/izmirtenisokulu.com\/index.php?rest_route=\/wp\/v2\/pages"}],"about":[{"href":"https:\/\/izmirtenisokulu.com\/index.php?rest_route=\/wp\/v2\/types\/page"}],"author":[{"embeddable":true,"href":"https:\/\/izmirtenisokulu.com\/index.php?rest_route=\/wp\/v2\/users\/1"}],"replies":[{"embeddable":true,"href":"https:\/\/izmirtenisokulu.com\/index.php?rest_route=%2Fwp%2Fv2%2Fcomments&post=302"}],"version-history":[{"count":2,"href":"https:\/\/izmirtenisokulu.com\/index.php?rest_route=\/wp\/v2\/pages\/302\/revisions"}],"predecessor-version":[{"id":307,"href":"https:\/\/izmirtenisokulu.com\/index.php?rest_route=\/wp\/v2\/pages\/302\/revisions\/307"}],"wp:attachment":[{"href":"https:\/\/izmirtenisokulu.com\/index.php?rest_route=%2Fwp%2Fv2%2Fmedia&parent=302"}],"curies":[{"name":"wp","href":"https:\/\/api.w.org\/{rel}","templated":true}]}}